rt -e (base 16) to base 2.
-1110
What is -2 (base 14) in base 8?
-2
What is -a3 (base 12) in base 16?
-7b
Convert -102 (base 3) to base 14.
-b
What is 0 (base 4) in base 11?
0
10000 (base 2) to base 5
31
-14 (base 9) to base 16
-d
Convert 11 (base 14) to base 7.
21
What is -24 (base 9) in base 12?
-1a
Convert -136 (base 8) to base 13.
-73
What is 13 (base 10) in base 7?
16
Convert -1042 (base 5) to base 2.
-10010011
-5 (base 11) to base 12
-5
What is 113 (base 5) in base 3?
1020
What is 20102 (base 3) in base 15?
b8
Convert 11 (base 3) to base 8.
4
What is 3 (base 5) in base 8?
3
Convert -101 (base 2) to base 16.
-5
1 (base 5) to base 7
1
What is -94 (base 13) in base 11?
-100
What is 10100 (base 2) in base 13?
17
-10 (base 3) to base 8
-3
Convert -42 (base 10) to base 15.
-2c
What is -9 (base 12) in base 9?
-10
Convert -18 (base 16) to base 14.
-1a
What is -58 (base 9) in base 4?
-311
-29 (base 15) to base 8
-47
What is 5 (base 16) in base 6?
5
4 (base 15) to base 7
4
What is 41 (base 5) in base 9?
23
0 (base 12) to base 7
0
Convert -4 (base 12) to base 6.
-4
What is -38 (base 15) in base 2?
-110101
What is -b (base 15) in base 12?
-b
4 (base 16) to base 10
4
What is -19 (base 10) in base 4?
-103
Convert -18 (base 15) to base 14.
-19
What is -433 (base 8) in base 12?
-1b7
What is -122 (base 8) in base 4?
-1102
-32 (base 4) to base 12
-12
What is 9 (base 12) in base 5?
14
What is 3 (base 13) in base 3?
10
What is -100 (base 2) in base 5?
-4
What is 4 (base 7) in base 2?
100
What is -112 (base 4) in base 7?
-31
Convert 15 (base 16) to base 9.
23
2 (base 4) to base 9
2
What is -250 (base 10) in base 4?
-3322
-20 (base 13) to base 11
-24
-1 (base 9) to base 16
-1
Convert 54 (base 8) to base 10.
44
What is 16 (base 7) in base 4?
31
What is -15 (base 14) in base 8?
-23
What is 11 (base 3) in base 7?
4
What is 30 (base 13) in base 12?
33
110 (base 7) to base 11
51
1c (base 14) to base 13
20
1 (base 11) to base 12
1
-e (base 16) to base 12
-12
36 (base 16) to base 13
42
Convert -10 (base 8) to base 16.
-8
2 (base 11) to base 3
2
Convert -29 (base 13) to base 14.
-27
What is 12 (base 14) in base 6?
24
-d2 (base 14) to base 3
-20211
Convert 12 (base 5) to base 6.
11
-1e (base 15) to base 8
-35
-135 (base 8) to base 7
-162
Convert 1 (base 2) to base 6.
1
What is -4 (base 10) in base 8?
-4
-43 (base 14) to base 5
-214
Convert 4 (base 6) to base 16.
4
What is 3 (base 11) in base 9?
3
Convert 0 (base 11) to base 2.
0
What is -108 (base 10) in base 7?
-213
Convert -54 (base 12) to base 13.
-4c
2 (base 12) to base 4
2
-193 (base 10) to base 9
-234
Convert 24 (base 10) to base 12.
20
1 (base 16) to base 11
1
Convert -2 (base 3) to base 9.
-2
What is f (base 16) in base 7?
21
-78 (base 12) to base 15
-62
Convert -5 (base 7) to base 11.
-5
What is 7 (base 9) in base 10?
7
2 (base 6) to base 14
2
What is -3 (base 14) in base 10?
-3
Convert 3d (base 15) to base 5.
213
Convert 102 (base 3) to base 11.
10
1 (base 15) to base 2
1
What is -1 (base 15) in base 5?
-1
Convert -121 (base 6) to base 7.
-100
Convert 2 (base 14) to base 13.
2
Convert -12 (base 7) to base 10.
-9
What is -3 (base 10) in base 11?
-3
What is 1 (base 10) in base 4?
1
23 (base 8) to base 5
34
-1 (base 12) to base 7
-1
21 (base 3) to base 16
7
What is 101 (base 3) in base 10?
10
What is -23 (base 6) in base 9?
-16
What is -1 (base 4) in base 14?
-1
2 (base 10) to base 9
2
What is 13 (base 16) in base 8?
23
Convert 8 (base 11) to base 12.
8
Convert -4 (base 15) to base 9.
-4
What is -4 (base 9) in base 7?
-4
Convert -141 (base 5) to base 7.
-64
What is -5 (base 6) in base 8?
-5
Convert 53 (base 7) to base 5.
123
111 (base 4) to base 16
15
Convert 0 (base 9) to base 16.
0
-2 (base 7) to base 12
-2
What is -3 (base 4) in base 3?
-10
1 (base 14) to base 5
1
What is -38 (base 9) in base 10?
-35
1 (base 9) to base 15
1
210 (base 7) to base 11
96
What is -100000 (base 2) in base 9?
-35
-20 (base 7) to base 9
-15
-42 (base 12) to base 11
-46
4 (base 12) to base 6
4
Convert 2 (base 9) to base 3.
2
Convert 3 (base 4) to base 13.
3
Convert -25 (base 13) to base 9.
-34
What is -7 (base 11) in base 3?
-21
-100 (base 2) to base 10
-4
-3 (base 7) to base 10
-3
What is -4 (base 15) in base 10?
-4
What is -6 (base 8) in base 13?
-6
What is -3 (base 6) in base 12?
-3
What is -114 (base 6) in base 14?
-34
What is 2 (base 12) in base 16?
2
What is -5 (base 14) in base 6?
-5
d (base 16) to base 11
12
Convert -10 (base 7) to base 10.
-7
What is 1030 (base 4) in base 12?
64
-6 (base 11) to base 8
-6
What is 2 (base 3) in base 5?
2
Convert 1 (base 4) to base 10.
1
Convert -61 (base 7) to base 4.
-223
-32 (base 16) to base 6
-122
Convert 107 (base 11) to base 3.
11202
Convert 2 (base 5) to base 15.
2
Convert 0 (base 16) to base 12.
0
Convert -210 (base 10) to base 15.
-e0
21 (base 5) to base 3
102
-2c (base 14) to base 7
-55
31 (base 4) to base 2
1101
Convert 101100 (base 2) to base 5.
134
What is -100101110 (base 2) in base 9?
-365
76 (base 13) to base 6
241
Convert 2302 (base 5) to base 2.
101000111
-43 (base 7) to base 11
-29
-31 (base 8) to base 14
-1b
What is -12 (base 14) in base 4?
-100
1 (base 9) to base 5
1
108 (base 12) to base 9
178
Convert 22 (base 3) to base 5.
13
Convert 7 (base 9) to base 10.
7
Convert -111 (base 5) to base 7.
-43
-1 (base 5) to base 16
-1
-2 (base 7) to base 4
-2
What is 10220 (base 3) in base 14?
77
What is 1 (base 3) in base 13?
1
Convert 11 (base 12) to base 13.
10
What is 5 (base 14) in base 10?
5
Convert 130 (base 4) to base 11.
26
What is -43 (base 12) in base 2?
-110011
38 (base 15) to base 13
41
Convert 7 (base 12) to base 10.
7
-d (base 15) to base 10
-13
-37 (base 15) to base 8
-64
What is -1 (base 2) in base 12?
-1
Convert -3 (base 7) to base 14.
-3
What is 11 (base 13) in base 11?
13
-5 (base 13) to base 2
-101
0 (base 5) to base 11
0
Convert 2 (base 8) to base 14.
2
What is -100000 (base 2) in base 13?
-26
What is -3 (base 9) in base 15?
-3
What is 1 (base 16) in base 2?
1
Convert -1011 (base 5) to base 3.
-11212
Convert -3 (base 7) to base 10.
-3
-3 (base 13) to base 12
-3
9 (base 14) to base 16
9
-254 (base 11) to base 8
-455
-4 (base 16) to base 6
-4
What is 10 (base 4) in base 5?
4
What is 44 (base 9) in base 4?
220
1 (base 16) to base 6
1
Convert 1101 (base 2) to base 16.
d
0 (base 16) to base 4
0
What is 14 (base 5) in base 15?
9
Convert -317 (base 9) to base 6.
-1111
What is -5 (base 8) in base 3?
-12
Convert 1 (base 5) to base 4.
1
What is 57 (base 10) in base 12?
49
0 (base 13) to base 15
0
What is 9 (base 12) in base 5?
14
Convert 202 (base 3) to base 11.
19
Convert -15 (base 14) to base 9.
-21
What is 21 (base 3) in base 8?
7
What is -c4 (base 13) in base 16?
-a0
9 (base 16) to base 6
13
Convert -43 (base 6) to base 4.
-123
-48 (base 14) to base 6
-144
3 (base 15) to base 8
3
26 (base 8) to base 5
42
What is 2d (base 15) in base 6?
111
Convert 1 (base 12) to base 10.
1
What is 2 (base 10) in base 14?
2
Convert -11 (base 4) to base 7.
-5
-41 (base 8) to base 12
-29
What is -1 (base 12) in base 6?
-1
2 (base 13) to base 2
10
Convert 5 (base 7) to base 3.
12
What is 16 (base 15) in base 8?
25
What is -2 (base 14) in base 2?
-10
Convert -14 (base 5) to base 11.
-9
Convert 15 (base 11) to base 13.
13
1 (base 3) to base 12
1
Convert 4 (base 13) to base 3.
11
Convert 0 (base 15) to base 6.
0
What is -12 (base 10) in base 12?
-10
-12 (base 4) to base 9
-6
-5 (base 8) to base 15
-5
What is -102 (base 16) in base 10?
-258
Convert 5 (base 16) to base 8.
5
What is -d (base 14) in base 2?
-1101
Convert -1 (base 5) to base 10.
-1
Convert -11 (base 5) to base 11.
-6
What is -131 (base 6) in base 8?
-67
20 (base 3) to base 13
6
1 (base 5) to base 8
1
Convert 362 (base 8) to base 15.
112
0 (base 6) to base 15
0
Convert 11 (base 11) to base 15.
c
What is 1a (base 15) in base 11?
23
-25 (base 6) to base 15
-12
Convert 5 (base 9) to base 14.
5
What is -12 (base 6) in base 11?
-8
What is -1011 (base 2) in base 13?
-b
What is 100110 (base 3) in base 9?
313
What is -301 (base 4) in base 11?
-45
-1 (base 8) to base 7
-1
9 (base 12) to base 11
9
16 (base 7) to base 9
14
1 (base 8) to base 9
1
1 (base 10) to base 12
1
1001 (base 4) to base 10
65
-203 (base 6) to base 7
-135
Convert 6 (b